{"version":"1.0","provider_name":"Amicale des anciens du 8\u00e8me R\u00e9giment de Hussards","provider_url":"https:\/\/amicale-8-hussards.com\/wp","author_name":"Webmaster","author_url":"https:\/\/amicale-8-hussards.com\/wp\/author\/p-barge\/","title":"D\u00e9c\u00e8s Jean Le Souder - Amicale des anciens du 8\u00e8me R\u00e9giment de Hussards","type":"rich","width":600,"height":338,"html":"<blockquote class=\"wp-embedded-content\" data-secret=\"YZaWvbjixL\"><a href=\"https:\/\/amicale-8-hussards.com\/wp\/deces-jean-le-souder\/\">D\u00e9c\u00e8s Jean Le Souder<\/a><\/blockquote><iframe sandbox=\"allow-scripts\" security=\"restricted\" src=\"https:\/\/amicale-8-hussards.com\/wp\/deces-jean-le-souder\/embed\/#?secret=YZaWvbjixL\" width=\"600\" height=\"338\" title=\"\u00ab\u00a0D\u00e9c\u00e8s Jean Le Souder\u00a0\u00bb &#8212; Amicale des anciens du 8\u00e8me R\u00e9giment de Hussards\" data-secret=\"YZaWvbjixL\" frameborder=\"0\" marginwidth=\"0\" marginheight=\"0\" scrolling=\"no\" class=\"wp-embedded-content\"><\/iframe><script>\n\/*! This file is auto-generated *\/\n!function(d,l){\"use strict\";l.querySelector&&d.addEventListener&&\"undefined\"!=typeof URL&&(d.wp=d.wp||{},d.wp.receiveEmbedMessage||(d.wp.receiveEmbedMessage=function(e){var t=e.data;if((t||t.secret||t.message||t.value)&&!\/[^a-zA-Z0-9]\/.test(t.secret)){for(var s,r,n,a=l.querySelectorAll('iframe[data-secret=\"'+t.secret+'\"]'),o=l.querySelectorAll('blockquote[data-secret=\"'+t.secret+'\"]'),c=new RegExp(\"^https?:$\",\"i\"),i=0;i<o.length;i++)o[i].style.display=\"none\";for(i=0;i<a.length;i++)s=a[i],e.source===s.contentWindow&&(s.removeAttribute(\"style\"),\"height\"===t.message?(1e3<(r=parseInt(t.value,10))?r=1e3:~~r<200&&(r=200),s.height=r):\"link\"===t.message&&(r=new URL(s.getAttribute(\"src\")),n=new URL(t.value),c.test(n.protocol))&&n.host===r.host&&l.activeElement===s&&(d.top.location.href=t.value))}},d.addEventListener(\"message\",d.wp.receiveEmbedMessage,!1),l.addEventListener(\"DOMContentLoaded\",function(){for(var e,t,s=l.querySelectorAll(\"iframe.wp-embedded-content\"),r=0;r<s.length;r++)(t=(e=s[r]).getAttribute(\"data-secret\"))||(t=Math.random().toString(36).substring(2,12),e.src+=\"#?secret=\"+t,e.setAttribute(\"data-secret\",t)),e.contentWindow.postMessage({message:\"ready\",secret:t},\"*\")},!1)))}(window,document);\n\/\/# sourceURL=https:\/\/amicale-8-hussards.com\/wp\/wp-includes\/js\/wp-embed.min.js\n<\/script>\n","thumbnail_url":"https:\/\/amicale-8-hussards.com\/wp\/wp-content\/uploads\/2023\/03\/Jean_le_Souder.jpg","thumbnail_width":137,"thumbnail_height":235,"description":"D\u00e9c\u00e8s Jean Le Souder Nous avons appris le d\u00e9c\u00e8s du chef d\u2019escadrons Jean LE SOUDER, survenu le 5 novembre 2022, \u00e0 l\u2019\u00e2ge de 85 ans. Il avait servi au 8e Hussards de 1971 \u00e0 1978, notamment \u00e0 l\u2019ECS, comme officier d\u2019ordinaire. Membre actif, il avait particip\u00e9 au repas de l&rsquo;amicale."}

Amicale des anciens du 8ème Régiment de Hussards

Décès Jean Le Souder - Amicale des anciens du 8ème Régiment de Hussards

<blockquote class="wp-embedded-content" data-secret="YZaWvbjixL"><a href="https://amicale-8-hussards.com/wp/deces-jean-le-souder/">Décès Jean Le Souder</a></blockquote><iframe sandbox="allow-scripts" security="restricted" src="https://amicale-8-hussards.com/wp/deces-jean-le-souder/embed/#?secret=YZaWvbjixL" width="600" height="338" title="« Décès Jean Le Souder » &#8212; Amicale des anciens du 8ème Régiment de Hussards" data-secret="YZaWvbjixL" frameborder="0" marginwidth="0" marginheight="0" scrolling="no" class="wp-embedded-content"></iframe><script>
/*! This file is auto-generated */
!function(d,l){"use strict";l.querySelector&&d.addEventListener&&"undefined"!=typeof URL&&(d.wp=d.wp||{},d.wp.receiveEmbedMessage||(d.wp.receiveEmbedMessage=function(e){var t=e.data;if((t||t.secret||t.message||t.value)&&!/[^a-zA-Z0-9]/.test(t.secret)){for(var s,r,n,a=l.querySelectorAll('iframe[data-secret="'+t.secret+'"]'),o=l.querySelectorAll('blockquote[data-secret="'+t.secret+'"]'),c=new RegExp("^https?:$","i"),i=0;i<o.length;i++)o[i].style.display="none";for(i=0;i<a.length;i++)s=a[i],e.source===s.contentWindow&&(s.removeAttribute("style"),"height"===t.message?(1e3<(r=parseInt(t.value,10))?r=1e3:~~r<200&&(r=200),s.height=r):"link"===t.message&&(r=new URL(s.getAttribute("src")),n=new URL(t.value),c.test(n.protocol))&&n.host===r.host&&l.activeElement===s&&(d.top.location.href=t.value))}},d.addEventListener("message",d.wp.receiveEmbedMessage,!1),l.addEventListener("DOMContentLoaded",function(){for(var e,t,s=l.querySelectorAll("iframe.wp-embedded-content"),r=0;r<s.length;r++)(t=(e=s[r]).getAttribute("data-secret"))||(t=Math.random().toString(36).substring(2,12),e.src+="#?secret="+t,e.setAttribute("data-secret",t)),e.contentWindow.postMessage({message:"ready",secret:t},"*")},!1)))}(window,document);
//# sourceURL=https://amicale-8-hussards.com/wp/wp-includes/js/wp-embed.min.js
</script>

Décès Jean Le Souder Nous avons appris le décès du chef d’escadrons Jean LE SOUDER, survenu le 5 novembre 2022, à l’âge de 85 ans. Il avait servi au 8e Hussards de 1971 à 1978, notamment à l’ECS, comme officier d’ordinaire. Membre actif, il avait participé au repas de l&rsquo;amicale.
